 + 4*t**2 - t**3. List the prime factors of r(5).
2, 3
Suppose -3*m + 7*m = -8, o - 4*m = 9. Let c = 23 - o. What are the prime factors of c?
2, 11
Let g(u) = -u**3 + 4*u**2 - u - 4. Let f be g(3). Suppose r = -f*b + 91, -2*b + 185 = 2*b + 5*r. What are the prime factors of (-2)/8 + b/20?
2
Let q = 6 + -2. Suppose i = q*i. Let p = i + 10. What are the prime factors of p?
2, 5
Let r(u) = 2*u + 7. What are the prime factors of r(3)?
13
Let z = -68 - -162. List the prime factors of z.
2, 47
Suppose 0 = -4*c + 4*j + 4, 0*c + 5*c + 15 = -5*j. Suppose 0 = 3*t - 4*s + 11, -3*t - 3*s + 14 + 10 = 0. List the prime factors of (c - 5)*t/(-9).
2
Let f(g) = g**2 - 2*g - 6. Let z be f(6). Let n = z + -4. List the prime factors of n.
2, 7
Let h(q) = q**3 - 6*q**2 - 5*q + 7. List the prime factors of h(7).
3, 7
Let o be 0/1 + 54/(-2). What are the prime factors of 6/o + (-101)/(-9)?
11
Let w = 43 + 153. List the prime factors of w.
2, 7
Let l(k) = -2*k - 3. Let i(j) = j + 2. Let d(g) = 5*i(g) + 3*l(g). List the prime factors of d(-2).
3
Let z = 38 + 39. What are the prime factors of z?
7, 11
Suppose -4*j = 4*d - 32, 7 = 2*d - 3*j - 4. Let g(k) = k**3 - 8*k**2 + 9*k - 2. What are the prime factors of g(d)?
2, 3
Suppose 2*l + 5 + 63 = 2*m, 3*m - 106 = -l. List the prime factors of m.
5, 7
Let g(j) = 7*j + 5. Let c be g(4). Suppose 2*f + c = 5*f. List the prime factors of f.
11
Let l(c) be the second derivative of c**4/12 + c**3 + 4*c**2 + 4*c. List the prime factors of l(-6).
2
Let m(l) = -l**2 - 9*l + 7. Let v be m(-5). Suppose 3 = 2*p - 5*f, 2*p + 5*f + v = -0. List the prime factors of (8/p)/(4/(-6)).
2
Let r(l) = -l + 3. Let m be r(-3). Let o(i) = 4*i - 3. Let b be o(m). Suppose 0 = -4*g + 11 + b. List the prime factors of g.
2
Let h be -2 - (-4 - (-3 - -1)). Let k be h/(0 + -1) - -4. Suppose -3*j - k*a = -39, 2*j - 2*a - 3 = j. List the prime factors of j.
3
Suppose -3*r = -k + 89, 2*r - 178 = -2*k - 2*r. What are the prime factors of k?
89
Let d be (-4)/(-6)*9/2. What are the prime factors of 564/(-18)*d/(-2)?
47
Suppose 0*l + 15 = l. What are the prime factors of l?
3, 5
Let q = 651 + -305. What are the prime factors of q?
2, 173
Suppose b + 2*b = 0. Suppose b = -3*n - 19 + 49. What are the prime factors of n?
2, 5
Let z be (2/4)/(3/36). Let o(g) = 4*g**2 + 8*g - 3. Let b(l) = 3*l**2 + 8*l - 4. Let v(h) = 5*b(h) - 4*o(h). List the prime factors of v(z).
2
Suppose -2*m + 5*c - 23 = -0*m, 3*c = 2*m + 13. What are the prime factors of 11/(-22)*(m + -11)?
5
Suppose -5*n + 0 = -3*b - 15, -b + 9 = 3*n. Suppose -m - m + 4 = b. What are the prime factors of m?
2
What are the prime factors of (-1040)/(-35) + 4/14?
2, 3, 5
Suppose -2*l + 2 = -6. Suppose -y = -l*q - 15, 4*y + 4*q - 75 = 5. List the prime factors of y.
19
Suppose 0*g = -3*g - 24. Let m = 6 + g. Let n = m + 7. What are the prime factors of n?
5
Suppose -x = 2*x - 222. Suppose 5*a - x = 51. Let b = -17 + a. List the prime factors of b.
2
Let g be (-6)/(-33) + 72/(-33). Let j = 14 + g. List the prime factors of j.
2, 3
Let u = -1 - -7. Let o = -2 + u. Let p = 7 - o. List the prime factors of p.
3
List the prime factors of -5*(1 + 95/(-25)).
2, 7
Let h be 6/(-21) - (-6)/21. Suppose h = 3*u - 57 - 39. List the prime factors of u.
2
Suppose -4*f = -2*f - 38. Suppose 5*i - 1 = f. What are the prime factors of 18/(i/(16/6))?
2, 3
Suppose -3 = -3*k + 2*k. Suppose 4*v - 12 = k*v. List the prime factors of v.
2, 3
Suppose 5*z - 158 = 122. Suppose 3*m - z = -m. Suppose 3*r = 4*r - m. What are the prime factors of r?
2, 7
Let r = 0 + 3. Let j be 1*(-2*2)/(-2). Suppose -j*b - 5 = -r*b. What are the prime factors of b?
5
Let q = -26 - -24. List the prime factors of 40/(-6)*q*3.
2, 5
Suppose -11*u = -8*u - 48. Let x = 29 - u. List the prime factors of x.
13
Suppose 0 = 3*s - 0*s - 24. Suppose 0*y - s = -y. What are the prime factors of y?
2
Suppose 4*r - z = 40, -2*r + 0*z - 3*z + 6 = 0. Suppose r = -3*g, -4*u = -g - 4*g - 167. What are the prime factors of u?
2, 19
List the prime factors of ((-92)/115)/((-4)/10).
2
Let a be (-555)/(-12) + 6/8. Suppose 4*p = 3*f + 35 - 15, 5*p - 30 = 5*f. Suppose p*i - 2 = -u + 23, a = 4*i + 5*u. List the prime factors of i.
13
Suppose 2*g + 3*g = -15. Let k be (1 + g)/(2/7). Let m = k - -11. List the prime factors of m.
2
Let a be 1 - 4 - ((-9)/3 - 2). Let i be (-4)/6 - 100/(-6). Suppose 0*f + a*f = i. What are the prime factors of f?
2
Suppose 0 = -2*o + 7*o + 20. What are the prime factors of (-74)/o + 2/(-4)?
2, 3
Suppose -2*c + 6*i = i + 25, i = -3*c + 5. Suppose 4*q - r = 3*r - 12, -q + 4*r = 18. Let p = c + q. What are the prime factors of p?
2
Suppose 0 = -4*y + 192 - 100. List the prime factors of y.
23
What are the prime factors of (524/6 - -5) + 1/(-3)?
2, 23
Suppose 0 = 7*p - 3*p - 24. Let n(j) = -2*j**2 + 9*j - 8. Let h be n(p). What are the prime factors of 2/((-4)/h) - 1?
2, 3
Let g = 53 + 83. List the prime factors of g.
2, 17
Let c = -15 - -8. Let p(n) = n**2 + n - 8. List the prime factors of p(c).
2, 17
Let v = 10 - 1. List the prime factors of v.
3
What are the prime factors of ((-2)/4)/((-3)/102)?
17
Let w = -266 + 389. List the prime factors of w.
3, 41
Let w be (1 + -1)/(5 + -3). Let r(x) = x**2 + 4*x - 7. Let p be r(-6). Suppose w*b - 75 = -p*b. List the prime factors of b.
3, 5
Suppose -2*l + 0 = -4. Let c(p) = p**3 - 3*p**2 + 2*p + 2. Let u be c(l). List the prime factors of 40/u*(-2)/(-4).
2, 5
Let w(c) = c**2 + 2*c - 3. Let n be w(2). Suppose 45 = n*y - g, 5*g + 18 = 2*y + 4*g. Suppose y = -3*m, -k = -2*k + 3*m + 16. List the prime factors of k.
7
Let c = 52 + -28. Suppose c = 2*l + l - 4*j, -3*l + 5*j = -27. Suppose -l*m + 0*y + 2*y = -44, 0 = -5*m - 4*y + 68. What are the prime factors of m?
2, 3
Let u = -51 + 91. What are the prime factors of u?
2, 5
Let r(v) = 6*v**2 + v. Let h(k) = k**3 + 6*k**2 - 7*k - 3. Let q be h(-7). Let t = q - -2. What are the prime factors of r(t)?
5
Let x(q) = 16*q - 2. Let w(n) = -n**2 + 4*n - 1. Let l be w(3). What are the prime factors of x(l)?
2, 3, 5
Let s(f) = 4*f**3 + f**2 - f - 2. Let g be s(2). Let o be ((-32)/10)/((-1)/(-5)). Let j = g + o. List the prime factors of j.
2
Let a(o) = 2*o**2 + 1 + 12*o - 3*o**2 - 11 + 0. Let n be a(11). What are the prime factors of ((-1)/n)/(4/(-76))?
19
Suppose 3*p - 5*q - 7 = 0, 0 = 2*p + 3*q - 2*q + 4. Let a = 3 - p. What are the prime factors of a?
2
Let k be 4/(-14) - (-46)/14. Let j be 1/(0 + k/15). Suppose 4*p - 7 = -j*t, -p + 23 = -0*p - 3*t. List the prime factors of p.
2
What are the prime factors of (-46)/(1*(1 - 2))?
2, 23
Suppose -5*s + 6*j = 2*j - 42, -2*s + 2*j + 18 = 0. List the prime factors of s.
2, 3
Suppose 0*h - h = -16. Suppose -4*t = -h - 8. List the prime factors of t/(2/(4/2)).
2, 3
Let a = 97 + -49. What are the prime factors of a?
2, 3
Let q(n) = -10*n - n**3 + 5*n - n**2 + 6*n + 4. What are the prime factors of q(0)?
2
Let h be 0 + 0/(1 - 2). Suppose -5*j + 48 = 4*d, -j + 4*j - 3*d = 18. Suppose h = 2*g + 3*a + j - 30, 6 = g - a. List the prime factors of g.
2
Suppose 0 = 5*l + 4*k - 18, 0 = -5*l + 5*k + 3 + 42. Let h be 44/(-6)*(-9)/l. Suppose -2*m - 2 = 0, -u + h = 3*m - 6. List the prime factors of u.
2, 5
Suppose 0 = -4*r - 10 + 2. List the prime factors of (51/(-15))/(r/10).
17
Let l = -17 - -6. Suppose 3 = -4*d - 5. What are the prime factors of 1 + d/2*l?
2, 3
Let k(s) = -s**3 - 7*s**2 - 3*s - 6. Let c = -8 + 1. What are the prime factors of k(c)?
3, 5
Let s(v) = v**2 - 5*v - 10. Suppose -j = j - 14. Let n be s(j). Suppose n*y = 5*h + 9 + 6, -y + 4*h + 1 = 0. What are the prime factors of y?
5
Let o(j) = 4*j**2 - 5*j - 3. What are the prime factors of o(4)?
41
Let b(j) = j**2 - 7*j - 7. Suppose -17 - 15 = -4*f - 4*m, -2*m + 26 = 4*f. Let q be b(f). Let i = -4 - q. What are the prime factors of i?
13
Let m(a) = -a**2 - 6*a - 6. Let g be m(-4). Suppose 0 = -5*l - 5*q + 15, g*q + 15 = 3*l - q. What are the prime factors of l?
2
Let o(k) = 4*k + 8. Let f(t) = t. Let d(y) = -3*f(y) + o(y). Let r be d(-4). Suppose r*v - 45 - 7 = 0. List the prime factors of v.
13
Let m(d) = -d**3 - 10*d**2 - 2*d + 8. Let q be m(-10). Suppose 2*u - 9 + 1 = -2*r, -2*r - q = -2*u. What are the prime factors of u?
3
Let q(g) = g**3 - 11*g**2 - g - 20. What are the prime